-39
Let o(x) = -x**3 + 18*x**2 + 11*x + 160. What is o(19)?
8
Let f(o) = -2*o**2 - 23*o + 59. What is f(-11)?
70
Let g(b) = b**2 + 61*b + 800. Determine g(-31).
-130
Let o(x) = -38*x - 485. Calculate o(-13).
9
Let c(y) = -y**3 + 16*y**2 - 50*y + 141. What is c(11)?
196
Let a(q) = q**3 - 10*q**2 - 48*q + 43. Give a(13).
-74
Let d(a) = 183*a + 218. Determine d(-2).
-148
Let c(f) = -785*f - 11031. Give c(-14).
-41
Let c(w) = w**2 + 47*w + 244. What is c(-28)?
-288
Let o(h) = h**3 + 145*h**2 - 3291*h + 1506. Determine o(-165).
21
Let g(s) = 39*s - 187. Determine g(5).
8
Let h(k) = k**2 - 88*k - 866. Give h(-9).
7
Let m(g) = g**3 - 50*g**2 + 50*g + 2205. Determine m(48).
-3
Let v(o) = 12*o - 71. Calculate v(6).
1
Let u(q) = q**3 + 7*q**2 - 21*q + 222. Determine u(-11).
-31
Let r(u) = -u**2 + 50*u - 84. What is r(48)?
12
Let l(o) = -o**3 - 11*o**2 + 7*o - 43. Determine l(-12).
17
Let o(l) = 2*l**3 + 29*l**2 + 7*l - 97. What is o(-14)?
1
Let n(r) = r**3 + r**2 + 18*r + 25. Give n(0).
25
Let h(m) = -26*m**3 + m**2 - 6*m + 3. What is h(2)?
-213
Let s(z) = -z**3 + 70*z**2 + 143*z + 90. Determine s(72).
18
Let z(j) = 5*j**2 + 23*j - 88. Determine z(-7).
-4
Let r(k) = -k**2 + 14737*k - 88390. What is r(6)?
-4
Let g(d) = -492*d - 6381. Calculate g(-13).
15
Let t(x) = -39*x - 495. Determine t(-20).
285
Let d(t) = -3*t**2 - 36*t + 276. Give d(-20).
-204
Let q(z) = z**2 + 7940*z + 110958. What is q(-14)?
-6
Let y(t) = -t**3 + 5*t**2 + 10*t + 94. Give y(8).
-18
Let a(v) = -v**2 + 19*v + 956. Give a(44).
-144
Let a(t) = t**3 - 35*t**2 - 55*t + 796. Determine a(36).
112
Let y(u) = -u**3 + 19*u**2 - 28*u + 165. What is y(18)?
-15
Let t(b) = 10*b**2 - 306*b - 6. Give t(31).
118
Let l(g) = 25*g + 200. Determine l(-13).
-125
Let t(c) = c**2 + 8*c - 150. What is t(12)?
90
Let m(d) = d**3 + 6*d**2 - 5*d + 8. Give m(-7).
-6
Let b(t) = t**2 - 19*t - 43. What is b(12)?
-127
Let d(s) = s**2 + 102*s + 1067. Determine d(-11).
66
Let y(p) = 7*p**3 - p**2 - p - 7. Calculate y(-3).
-202
Let a(i) = 2040*i + 16262. What is a(-8)?
-58
Let a(n) = -138*n + 282. Determine a(2).
6
Let f(b) = -4*b**2 - 105*b + 307. Calculate f(3).
-44
Let y(u) = -4241*u + 21207. Give y(5).
2
Let r(o) = 2*o**2 + 37*o + 214. Give r(-9).
43
Let o(w) = 6*w + 87. Give o(-3).
69
Let t(h) = 3*h**2 + 7*h - 12. Determine t(-5).
28
Let d(b) = -b**2 - 192*b - 8883. Determine d(-78).
9
Let p(o) = -o**2 - 37*o + 610. Calculate p(-49).
22
Let o(x) = 1015*x + 9145. What is o(-9)?
10
Let o(z) = -197*z - 17934. What is o(-91)?
-7
Let p(n) = -66*n + 1264. Give p(17).
142
Let d(x) = -2*x**2 + 51*x - 13. Calculate d(13).
312
Let q(t) = 42*t + 2136. Calculate q(-51).
-6
Let x(u) = -38*u - 716. Give x(-18).
-32
Let i(d) = -2*d**3 - 2*d**2 - 23*d - 163. Calculate i(-5).
152
Let j(s) = -s**2 + 200*s + 732. Give j(0).
732
Let h(u) = -19990*u + 59973. Give h(3).
3
Let z(q) = -10*q**2 - 1763*q - 508. What is z(-176)?
20
Let i(v) = 10*v - 56. Determine i(5).
-6
Let y(n) = 70*n + 17. Determine y(-1).
-53
Let u(i) = -i**3 - 7*i**2 - 7*i + 23. Determine u(-3).
8
Let m(t) = 93*t - 35. Determine m(-6).
-593
Let v(t) = -12*t**3 + 5*t**2 + 2*t - 14. What is v(2)?
-86
Let r(a) = 2*a**3 - 301*a**2 - 466*a + 1533. Calculate r(152).
13
Let a(l) = 3983*l + 7971. What is a(-2)?
5
Let u(x) = -436*x - 3073. What is u(-7)?
-21
Let u(l) = 84*l - 1997. Determine u(22).
-149
Let g(x) = 14*x**2 + 59*x - 178. What is g(-6)?
-28
Let y(n) = 10*n**2 + 200*n - 199. Give y(1).
11
Let t(a) = -4*a**3 - 79*a**2 + 24*a + 58. Calculate t(-20).
-22
Let d(n) = -311*n + 29554. Give d(95).
9
Let g(c) = -4*c**2 + 233*c - 1104. Give g(5).
-39
Let k(q) = q**3 - 119*q**2 - 1018*q + 261. Give k(127).
7
Let h(u) = 3*u**2 + 391*u - 1885. Determine h(-135).
5
Let f(j) = -j**2 - 13*j + 7. Give f(-25).
-293
Let s(k) = 2*k**3 - 13*k**2 + 24*k + 4. Determine s(3).
13
Let i(u) = 525*u**2 + 11*u + 1. Determine i(-1).
515
Let a(j) = -7*j - 410. Calculate a(-63).
31
Let p(i) = 3*i**2 + 106*i - 460. What is p(4)?
12
Let a(i) = -2*i**2 - 12*i + 40. What is a(9)?
-230
Let u(x) = x**3 - 4*x**2 - 171*x - 58. What is u(-11)?
8
Let u(o) = 6*o**3 - 2*o + 2. Give u(1).
6
Let n(s) = -2*s**3 + 59*s**2 + 92*s + 36. What is n(31)?
5
Let w(s) = -2*s**2 + 55*s - 51. Give w(27).
-24
Let w(i) = i + 5. Determine w(-7).
-2
Let l(u) = -u**2 - 57*u + 308. Determine l(-62).
-2
Let q(s) = -3*s**3 - 3*s**2 + 5*s + 10. Calculate q(-3).
49
Let n(l) = -l**3 + 25*l**2 + 42*l + 315. Calculate n(27).
-9
Let r(b) = -b**2 + 41*b + 159. Give r(44).
27
Let x(a) = -5*a**3 + 3*a**2 + 4*a - 13. What is x(3)?
-109
Let m(z) = -801*z - 8009. Give m(-10).
1
Let l(a) = -2*a**3 + 24*a**2 - 43*a - 88. What is l(9)?
11
Let r(s) = 5*s**3 + 46*s**2 + 13*s - 4. Calculate r(0).
-4
Let q(d) = 51337*d + 205347. Give q(-4).
-1
Let v(z) = 11*z - 41. Give v(0).
-41
Let w(i) = i**3 + 12*i**2 + 64*i + 7. Determine w(-6).
-161
Let l(w) = -w**2 - 471*w + 4317. Give l(9).
-3
Let x(r) = -5*r**2 + 15*r - 3. Give x(-7).
-353
Let f(m) = m**2 - 45*m - 26. Give f(46).
20
Let n(g) = 1764*g + 14103. Determine n(-8).
-9
Let g(a) = -62*a + 61. What is g(1)?
-1
Let q(h) = 3432*h + 13715. Give q(-4).
-13
Let c(d) = d**2 - 77*d + 373. Determine c(5).
13
Let p(o) = -8*o + 492. Determine p(11).
404
Let o(n) = 3*n**3 + 2*n**2 - 30*n + 57. Calculate o(2).
29
Let v(b) = b**3 - 41*b**2 - 46*b + 188. Give v(42).
20
Let q(f) = 5*f + 105. Calculate q(27).
240
Let f(k) = -2*k**3 - 29*k**2 - 13*k + 55. Give f(-14).
41
Let o(q) = -128*q - 5500. Calculate o(-43).
4
Let u(c) = -3319*c + 23250. What is u(7)?
17
Let p(s) = -23*s**2 + 1702*s + 19. Calculate p(74).
19
Let h(g) = g**3 - 22*g**2 + 161*g - 391. Calculate h(9).
5
Let z(j) = -69*j - 148. Calculate z(-5).
197
Let o(k) = 2*k**2 + 2041*k + 18214. Determine o(-9).
7
Let r(o) = 2*o**3 - 13*o**2 - 9*o + 10. What is r(7)?
-4
Let j(f) = 107*f + 1168. What is j(-11)?
-9
Let o(c) = 2*c**3 - 14*c**2 + c + 27. Calculate o(7).
34
Let p(u) = 167*u - 2814. Give p(17).
25
Let n(r) = 5*r**2 - 316*r + 132. Determine n(61).
-539
Let m(c) = -4*c**2 - 49*c - 33. What is m(-12)?
-21
Let x(l) = l**3 - 330*l**2 + 987*l - 1965. Calculate x(327).
-3
Let j(n) = -465*n - 6948. What is j(-15)?
27
Let p(l) = -l**2 + 13*l - 74. Calculate p(12).
-62
Let z(q) = 2*q**2 + 68*q + 302. Determine z(-6).
-34
Let q(g) = -4064*g - 20378. Calculate q(-5).
-58
Let z(f) = 10*f + 411. Give z(0).
411
Let w(p) = -52*p + 3065. Give w(59).
-3
Let d(b) = 41*b - 215. Determine d(12).
277
Let l(v) = -3*v**2 - 14*v + 20. What is l(12)?
-580
Let l(d) = -d**3 + 12*d**2 + 70*d + 687. Determine l(18).
3
Let f(k) = -22*k + 351. Give f(18).
-45
Let x(s) = -2*s**2 - s + 80. What is x(11)?
-173
Let h(k) = -k**3 + 16*k**2 + 30*k + 1. Determine h(17).
222
Let d(h) = 4706*h + 18827. What is d(-4)?
3
Let r(p) = -p**2 - 49*p + 2364. Give r(30).
-6
Let r(g) = 96*g + 7019. Give r(-72).
107
Let p(y) = -5*y**2 - 124*y - 102. Give p(-24).
-6
Let v(u) = 5*u**3 - 438*u**2 + 258*u + 264. Determine v(87).
3
Let i(b) = 6*b**2 - 345*b - 174. Give i(58).
0
Let m(d) = -d**2 + 68*d + 339. Determine m(-5).
-26
Let d(j) = 29*j - 1008. What is d(39)?
123
Let t(n) = 61*n + 3056. Give t(-50).
6
Let v(u) = -23*u**3 - 2*u**2 + 2. Give v(-1).
23
Let d(p) = p**3 - 13*p**2 - 20*p + 111. Give d(14).
27
Let w(h) = 7*h + 122. Determine w(-18).
-4
Let a(n) = -383*n + 16079. Determine a(42).
-7
Let o(u) = -u**2 - 15*u - 29. What is o(-13)?
-3
Let q(a) = -2*a**2 + 579*a + 11694. What is q(-19)?
-29
Let a(i) = 3*i**2 - 68*i + 484. Calculate a(12).
100
Let x(p) = -p**2 + 35*p + 350. Calculate x(-11).
-156
Let s(i) = -16*i**2 + 120*i + 58. Give s(8).
-6
Let r(i) = -i - 13. What is r(18)?
-31
Let i(y) = -3*y - 77. Calculate i(-12).
-41
Let x(f) = -f**3 - 81*f**2 - 160*f - 143. Determine x(-79).
15
Let x(d) = -d**3 - d**2 - 8*d - 59. Determine x(-8).
453
Let w(v) = 220*v - 3960. Determine w(18).
0
Let i(d) = -d**3 - 11*d**2 - d + 63. Give i(-11).
74
Let n(m) = 2*m**3 + 29*m**2 + 110*m + 43. What is n(-8)?
-5
Let x(r) = -4*r**2 + 4*r + 286. What is x(7)?
118
Let t(z) = z**3 - 4*z**2 - 49*z + 144. Give t(3).
-12
Let w(x) = -x**3 - 63*x**2 - 119*x + 356. Determine w(-61).
173
Let f(i) = -5*i**2 + 102*i + 733. Calculate f(26).
5
Let h(k) = -3*k**2 + 84*k + 170. Calculate h(30).
-10
Let g(r) = r**2 - 78*